{"id":2220,"date":"2022-02-14T14:38:49","date_gmt":"2022-02-14T14:38:49","guid":{"rendered":"https:\/\/yar.deutschetage.ru\/?page_id=2220"},"modified":"2022-09-30T12:38:42","modified_gmt":"2022-09-30T12:38:42","slug":"heinrich-heine","status":"publish","type":"page","link":"https:\/\/yar.deutschetage.ru\/de\/heinrich-heine\/","title":{"rendered":"HEINRICH HEINE"},"content":{"rendered":"\n<p>Vor dem Hintergrund der hellen poetischen Namen der deutschen Literatur verdient Heinrich Heine einen besonderen Platz. Heine geh\u00f6rt zu denen, die nicht nur seine Zeit eroberten, sondern auch tief in die Zukunft vordrangen, zu einem Weggef\u00e4hrten des Geisteslebens der Menschheit wurden. Man kann \u00fcber ihn sagen, dass es weder vor noch nach ihm einen Dichter-Philosoph wie ihn gab, obwohl er sowohl Vorfahren als auch Nachkommen hatte. Der herausragende Denker hinterlie\u00df im avancierten Journalismus seiner Zeit sp\u00fcrbare Spuren, er war ein begnadeter Prosaschreiber, doch sein unsterblicher k\u00fcnstlerischer Ruhm ist vor allem mit der Poesie verbunden. Schon zu Lebzeiten wurde er einer der beliebtesten europ\u00e4ischen Dichter in Russland, ein Dichter, dessen Werke am aktivsten ins Russische \u00fcbersetzt wurden.<\/p>\n\n\n\n<div class=\"wp-block-media-text alignwide is-stacked-on-mobile\"><figure class=\"wp-block-media-text__media\"><img loading=\"lazy\" width=\"196\" height=\"257\" src=\"https:\/\/yar.deutschetage.ru\/wp-content\/uploads\/2022\/02\/bez-nazvaniya.jpeg\" alt=\"\" class=\"wp-image-2227\"\/><\/figure><div class=\"wp-block-media-text__content\">\n<p><a href=\"https:\/\/yar.deutschetage.ru\/gody-zhizni-i-epoha\/\">Lebensjahre und Epoche<\/a><\/p>\n\n\n\n<p>Literarisches Erbe<\/p>\n\n\n\n<p>Heine in russischen \u00dcbersetzungen<\/p>\n\n\n\n<p>Zitat aus H. Heine<\/p>\n\n\n\n<p>Zitat \u00fcber H. Heine<\/p>\n\n\n\n<p>Interessantes<\/p>\n<\/div><\/div>\n","protected":false},"excerpt":{"rendered":"<p>Vor dem Hintergrund der hellen poetischen Namen der deutschen Literatur verdient Heinrich Heine einen besonderen Platz. Heine geh\u00f6rt zu denen, die nicht nur seine Zeit eroberten, sondern auch tief in die Zukunft vordrangen, zu einem Weggef\u00e4hrten des Geisteslebens der Menschheit wurden. Man kann \u00fcber ihn sagen, dass es weder vor noch nach ihm einen Dichter-Philosoph [&hellip;]<\/p>\n","protected":false},"author":1,"featured_media":0,"parent":0,"menu_order":0,"comment_status":"closed","ping_status":"closed","template":"","meta":[],"yoast_head":"<!-- This site is optimized with the Yoast SEO plugin v14.9 - https:\/\/yoast.com\/wordpress\/plugins\/seo\/ -->\n<title>HEINRICH HEINE - Deutsche Tage in der Region Jaroslawl<\/title>\n<meta name=\"robots\" content=\"index, follow, max-snippet:-1, max-image-preview:large, max-video-preview:-1\" \/>\n<link rel=\"canonical\" href=\"https:\/\/yar.deutschetage.ru\/heinrich-heine\/\" \/>\n<meta property=\"og:locale\" content=\"de_DE\" \/>\n<meta property=\"og:type\" content=\"article\" \/>\n<meta property=\"og:title\" content=\"HEINRICH HEINE - Deutsche Tage in der Region Jaroslawl\" \/>\n<meta property=\"og:url\" content=\"https:\/\/yar.deutschetage.ru\/heinrich-heine\/\" \/>\n<meta property=\"og:site_name\" content=\"Deutsche Tage in der Region Jaroslawl\" \/>\n<meta property=\"article:publisher\" content=\"https:\/\/www.facebook.com\/groups\/druzjagermanii\" \/>\n<meta property=\"article:modified_time\" content=\"2022-09-30T12:38:42+00:00\" \/>\n<meta property=\"og:image\" content=\"https:\/\/yar.deutschetage.ru\/wp-content\/uploads\/2022\/02\/bez-nazvaniya.jpeg\" \/>\n<meta name=\"twitter:card\" content=\"summary_large_image\" \/>\n<script type=\"application\/ld+json\" class=\"yoast-schema-graph\">{\"@context\":\"https:\/\/schema.org\",\"@graph\":[{\"@type\":\"WebSite\",\"@id\":\"https:\/\/yar.deutschetage.ru\/de\/#website\",\"url\":\"https:\/\/yar.deutschetage.ru\/de\/\",\"name\":\"Deutsche Tage in der Region Jaroslawl\",\"description\":\"Wissenschaftliche Fantastik oder fantastische Wissenschaft\",\"potentialAction\":[{\"@type\":\"SearchAction\",\"target\":\"https:\/\/yar.deutschetage.ru\/de\/?s={search_term_string}\",\"query-input\":\"required name=search_term_string\"}],\"inLanguage\":\"de-DE\"},{\"@type\":\"ImageObject\",\"@id\":\"https:\/\/yar.deutschetage.ru\/heinrich-heine\/#primaryimage\",\"inLanguage\":\"de-DE\",\"url\":\"https:\/\/yar.deutschetage.ru\/wp-content\/uploads\/2022\/02\/bez-nazvaniya.jpeg\",\"width\":196,\"height\":257},{\"@type\":\"WebPage\",\"@id\":\"https:\/\/yar.deutschetage.ru\/heinrich-heine\/#webpage\",\"url\":\"https:\/\/yar.deutschetage.ru\/heinrich-heine\/\",\"name\":\"HEINRICH HEINE - Deutsche Tage in der Region Jaroslawl\",\"isPartOf\":{\"@id\":\"https:\/\/yar.deutschetage.ru\/de\/#website\"},\"primaryImageOfPage\":{\"@id\":\"https:\/\/yar.deutschetage.ru\/heinrich-heine\/#primaryimage\"},\"datePublished\":\"2022-02-14T14:38:49+00:00\",\"dateModified\":\"2022-09-30T12:38:42+00:00\",\"breadcrumb\":{\"@id\":\"https:\/\/yar.deutschetage.ru\/heinrich-heine\/#breadcrumb\"},\"inLanguage\":\"de-DE\",\"potentialAction\":[{\"@type\":\"ReadAction\",\"target\":[\"https:\/\/yar.deutschetage.ru\/heinrich-heine\/\"]}]},{\"@type\":\"BreadcrumbList\",\"@id\":\"https:\/\/yar.deutschetage.ru\/heinrich-heine\/#breadcrumb\",\"itemListElement\":[{\"@type\":\"ListItem\",\"position\":1,\"item\":{\"@type\":\"WebPage\",\"@id\":\"https:\/\/yar.deutschetage.ru\/\",\"url\":\"https:\/\/yar.deutschetage.ru\/\",\"name\":\"\\u0413\\u043b\\u0430\\u0432\\u043d\\u0430\\u044f\"}},{\"@type\":\"ListItem\",\"position\":2,\"item\":{\"@type\":\"WebPage\",\"@id\":\"https:\/\/yar.deutschetage.ru\/heinrich-heine\/\",\"url\":\"https:\/\/yar.deutschetage.ru\/heinrich-heine\/\",\"name\":\"\\u0413\\u0415\\u041d\\u0420\\u0418\\u0425 \\u0413\\u0415\\u0419\\u041d\\u0415\"}}]}]}<\/script>\n<!-- \/ Yoast SEO plugin. -->","_links":{"self":[{"href":"https:\/\/yar.deutschetage.ru\/de\/wp-json\/wp\/v2\/pages\/2220"}],"collection":[{"href":"https:\/\/yar.deutschetage.ru\/de\/wp-json\/wp\/v2\/pages"}],"about":[{"href":"https:\/\/yar.deutschetage.ru\/de\/wp-json\/wp\/v2\/types\/page"}],"author":[{"embeddable":true,"href":"https:\/\/yar.deutschetage.ru\/de\/wp-json\/wp\/v2\/users\/1"}],"replies":[{"embeddable":true,"href":"https:\/\/yar.deutschetage.ru\/de\/wp-json\/wp\/v2\/comments?post=2220"}],"version-history":[{"count":13,"href":"https:\/\/yar.deutschetage.ru\/de\/wp-json\/wp\/v2\/pages\/2220\/revisions"}],"predecessor-version":[{"id":2569,"href":"https:\/\/yar.deutschetage.ru\/de\/wp-json\/wp\/v2\/pages\/2220\/revisions\/2569"}],"wp:attachment":[{"href":"https:\/\/yar.deutschetage.ru\/de\/wp-json\/wp\/v2\/media?parent=2220"}],"curies":[{"name":"wp","href":"https:\/\/api.w.org\/{rel}","templated":true}]}}

<p>Vor dem Hintergrund der hellen poetischen Namen der deutschen Literatur verdient Heinrich Heine einen besonderen Platz. Heine gehört zu denen, die nicht nur seine Zeit eroberten, sondern auch tief in die Zukunft vordrangen, zu einem Weggefährten des Geisteslebens der Menschheit wurden. Man kann über ihn sagen, dass es weder vor noch nach ihm einen Dichter-Philosoph wie ihn gab, obwohl er sowohl Vorfahren als auch Nachkommen hatte. Der herausragende Denker hinterließ im avancierten Journalismus seiner Zeit spürbare Spuren, er war ein begnadeter Prosaschreiber, doch sein unsterblicher künstlerischer Ruhm ist vor allem mit der Poesie verbunden. Schon zu Lebzeiten wurde er einer der beliebtesten europäischen Dichter in Russland, ein Dichter, dessen Werke am aktivsten ins Russische übersetzt wurden.</p>



<div class="wp-block-media-text alignwide is-stacked-on-mobile"><figure class="wp-block-media-text__media"><img loading="lazy" width="196" height="257" src="https://yar.deutschetage.ru/wp-content/uploads/2022/02/bez-nazvaniya.jpeg" alt="" class="wp-image-2227"/></figure><div class="wp-block-media-text__content">
<p><a href="https://yar.deutschetage.ru/gody-zhizni-i-epoha/">Lebensjahre und Epoche</a></p>



<p>Literarisches Erbe</p>



<p>Heine in russischen Übersetzungen</p>



<p>Zitat aus H. Heine</p>



<p>Zitat über H. Heine</p>



<p>Interessantes</p>
</div></div>

<p>Vor dem Hintergrund der hellen poetischen Namen der deutschen Literatur verdient Heinrich Heine einen besonderen Platz. Heine gehört zu denen, die nicht nur seine Zeit eroberten, sondern auch tief in die Zukunft vordrangen, zu einem Weggefährten des Geisteslebens der Menschheit wurden. Man kann über ihn sagen, dass es weder vor noch nach ihm einen Dichter-Philosoph [&hellip;]</p>
