{"id":3103,"date":"2023-03-07T16:49:13","date_gmt":"2023-03-07T16:49:13","guid":{"rendered":"https:\/\/yar.deutschetage.ru\/?page_id=3103"},"modified":"2024-02-04T14:37:13","modified_gmt":"2024-02-04T14:37:13","slug":"nauchnaya-fantastika-ili-fantasticheskaya-nauka","status":"publish","type":"page","link":"https:\/\/yar.deutschetage.ru\/de\/nauchnaya-fantastika-ili-fantasticheskaya-nauka\/","title":{"rendered":"Wissenschaftliche Fantastik oder fantastische Wissenschaft"},"content":{"rendered":"\n<p>Deutschland verf\u00fcgt wie kein anderes Land \u00fcber eine F\u00fclle brillanter Wissenschaftler und Erfinder. Viele deutsche Namen sind uns aus einem Schulkurs in Physik oder Chemie bekannt: Hertz, R\u00f6ntgen, Ohm, Bohr, Gau\u00df \u2026 Eine Vielzahl moderner Technologien basiert sich auf deutschen Entdeckungen auf dem Gebiet der theoretischen Physik und Mathematik, die heute verwischen die Grenze zwischen Fantasie und Realit\u00e4t. In Deutschland wurden viele einfache, aber gleichzeitig f\u00fcr jeden Menschen so notwendige Gegenst\u00e4nde erfunden, die aus dem modernen Leben nicht mehr wegzudenken sind.<\/p>\n\n\n\n<p>Auf unserer Website werden wir nur \u00fcber einige interessante Namen und Erfindungen sprechen, die in diesem Jahr wichtige Daten markieren.<\/p>\n\n\n\n<p><strong><span class=\"has-inline-color has-vivid-purple-color\">555 TODESJAHRE  DES ERSTEN DRUCKERS JOHANN GUTTENBERG<\/span><\/strong><\/p>\n\n\n\n<p>Mitte des 15. Jahrhunderts von Gutenberg erfunden, wurde das Druckverfahren mit beweglichen Lettern zur Grundlage der modernen Technik und wurde zu den wichtigsten Entdeckungen des Jahrtausends gez\u00e4hlt, und sein Autor war einer der gr\u00f6\u00dften Erfinder der Welt. Weiterlesen -> <a href=\"https:\/\/yar.deutschetage.ru\/pechatnyj-stanok-gutenberga\/\">\u041f\u0435\u0447\u0430\u0442\u043d\u044b\u0439 \u0441\u0442\u0430\u043d\u043e\u043a \u0413\u0443\u0442\u0435\u043d\u0431\u0435\u0440\u0433\u0430<\/a><\/p>\n\n\n\n<figure class=\"wp-block-image size-large\"><img loading=\"lazy\" width=\"544\" height=\"420\" src=\"https:\/\/yar.deutschetage.ru\/wp-content\/uploads\/2023\/03\/gutenberg.jpeg\" alt=\"\" class=\"wp-image-3209\" srcset=\"https:\/\/yar.deutschetage.ru\/wp-content\/uploads\/2023\/03\/gutenberg.jpeg 544w, https:\/\/yar.deutschetage.ru\/wp-content\/uploads\/2023\/03\/gutenberg-300x232.jpeg 300w\" sizes=\"(max-width: 544px) 100vw, 544px\" \/><\/figure>\n\n\n\n<p><\/p>\n\n\n\n<p class=\"has-text-align-center\"><strong><span class=\"has-inline-color has-vivid-purple-color\">200 JAHRE DER FAHRRADGESCHICHTE <\/span><\/strong><\/p>\n\n\n\n<p>Das Fahrrad kann ohne \u00dcbertreibung als das nationale deutsche Fortbewegungsmittel bezeichnet werden. Laut Statistik nutzen es etwa 90 Prozent der Deutschen mindestens einmal pro Woche. Fast 40 Prozent fahren t\u00e4glich Fahrrad. Hier wird er liebevoll Drahtesel genannt \u2013 \u201eDrahtesel\u201c. Und schlie\u00dflich wurde auch dieses Design in Deutschland erfunden. Weiterlesen -> <a href=\"https:\/\/yar.deutschetage.ru\/velosipedu-ispolnilos-200-let\/\">\u0412\u0435\u043b\u043e\u0441\u0438\u043f\u0435\u0434\u0443 \u0438\u0441\u043f\u043e\u043b\u043d\u0438\u043b\u043e\u0441\u044c 200 \u043b\u0435\u0442<\/a><\/p>\n\n\n\n<figure class=\"wp-block-image size-large\"><img loading=\"lazy\" width=\"600\" height=\"450\" src=\"https:\/\/yar.deutschetage.ru\/wp-content\/uploads\/2023\/03\/laufrad2-e1491913394970.jpg\" alt=\"\" class=\"wp-image-3184\" srcset=\"https:\/\/yar.deutschetage.ru\/wp-content\/uploads\/2023\/03\/laufrad2-e1491913394970.jpg 600w, https:\/\/yar.deutschetage.ru\/wp-content\/uploads\/2023\/03\/laufrad2-e1491913394970-300x225.jpg 300w\" sizes=\"(max-width: 600px) 100vw, 600px\" \/><\/figure>\n\n\n\n<p><\/p>\n\n\n\n<p class=\"has-text-align-center\"><strong><span class=\"has-inline-color has-vivid-purple-color\">100 JAHRE NACH DEM TOD DES ERFINDERS X-RAY<\/span><\/strong><\/p>\n\n\n\n<p>Wilhelm Conrad Roentgen ist ein deutscher Physiker, der erste Nobelpreistr\u00e4ger f\u00fcr Physik (1901) in der Geschichte f\u00fcr die Entdeckung der Strahlung im Jahr 1895, die sp\u00e4ter nach ihm benannt wurde. Weiterlesen -> <a href=\"https:\/\/yar.deutschetage.ru\/rentgenovskoe-izluchenie-ili-prosto-rentgen\/\">\u0420\u0435\u043d\u0442\u0433\u0435\u043d\u043e\u0432\u0441\u043a\u043e\u0435 \u0438\u0437\u043b\u0443\u0447\u0435\u043d\u0438\u0435 \u0438\u043b\u0438 \u043f\u0440\u043e\u0441\u0442\u043e \u0420\u0435\u043d\u0442\u0433\u0435\u043d<\/a><\/p>\n\n\n\n<figure class=\"wp-block-image size-large\"><img loading=\"lazy\" width=\"700\" height=\"450\" src=\"https:\/\/yar.deutschetage.ru\/wp-content\/uploads\/2023\/03\/700_roentgen_8.jpg\" alt=\"\" class=\"wp-image-3217\" srcset=\"https:\/\/yar.deutschetage.ru\/wp-content\/uploads\/2023\/03\/700_roentgen_8.jpg 700w, https:\/\/yar.deutschetage.ru\/wp-content\/uploads\/2023\/03\/700_roentgen_8-300x193.jpg 300w\" sizes=\"(max-width: 700px) 100vw, 700px\" \/><\/figure>\n","protected":false},"excerpt":{"rendered":"<p>Deutschland verf\u00fcgt wie kein anderes Land \u00fcber eine F\u00fclle brillanter Wissenschaftler und Erfinder. Viele deutsche Namen sind uns aus einem Schulkurs in Physik oder Chemie bekannt: Hertz, R\u00f6ntgen, Ohm, Bohr, Gau\u00df \u2026 Eine Vielzahl moderner Technologien basiert sich auf deutschen Entdeckungen auf dem Gebiet der theoretischen Physik und Mathematik, die heute verwischen die Grenze zwischen [&hellip;]<\/p>\n","protected":false},"author":1,"featured_media":0,"parent":0,"menu_order":0,"comment_status":"closed","ping_status":"closed","template":"page-templates\/home-2023.php","meta":[],"yoast_head":"<!-- This site is optimized with the Yoast SEO plugin v14.9 - https:\/\/yoast.com\/wordpress\/plugins\/seo\/ -->\n<title>Wissenschaftliche Fantastik oder fantastische Wissenschaft - Deutsche Tage in der Region Jaroslawl<\/title>\n<meta name=\"robots\" content=\"index, follow, max-snippet:-1, max-image-preview:large, max-video-preview:-1\" \/>\n<link rel=\"canonical\" href=\"https:\/\/yar.deutschetage.ru\/nauchnaya-fantastika-ili-fantasticheskaya-nauka\/\" \/>\n<meta property=\"og:locale\" content=\"de_DE\" \/>\n<meta property=\"og:type\" content=\"article\" \/>\n<meta property=\"og:title\" content=\"Wissenschaftliche Fantastik oder fantastische Wissenschaft - Deutsche Tage in der Region Jaroslawl\" \/>\n<meta property=\"og:url\" content=\"https:\/\/yar.deutschetage.ru\/nauchnaya-fantastika-ili-fantasticheskaya-nauka\/\" \/>\n<meta property=\"og:site_name\" content=\"Deutsche Tage in der Region Jaroslawl\" \/>\n<meta property=\"article:publisher\" content=\"https:\/\/www.facebook.com\/groups\/druzjagermanii\" \/>\n<meta property=\"article:modified_time\" content=\"2024-02-04T14:37:13+00:00\" \/>\n<meta property=\"og:image\" content=\"https:\/\/yar.deutschetage.ru\/wp-content\/uploads\/2023\/03\/gutenberg.jpeg\" \/>\n<meta name=\"twitter:card\" content=\"summary_large_image\" \/>\n<script type=\"application\/ld+json\" class=\"yoast-schema-graph\">{\"@context\":\"https:\/\/schema.org\",\"@graph\":[{\"@type\":\"WebSite\",\"@id\":\"https:\/\/yar.deutschetage.ru\/de\/#website\",\"url\":\"https:\/\/yar.deutschetage.ru\/de\/\",\"name\":\"Deutsche Tage in der Region Jaroslawl\",\"description\":\"Wissenschaftliche Fantastik oder fantastische Wissenschaft\",\"potentialAction\":[{\"@type\":\"SearchAction\",\"target\":\"https:\/\/yar.deutschetage.ru\/de\/?s={search_term_string}\",\"query-input\":\"required name=search_term_string\"}],\"inLanguage\":\"de-DE\"},{\"@type\":\"ImageObject\",\"@id\":\"https:\/\/yar.deutschetage.ru\/nauchnaya-fantastika-ili-fantasticheskaya-nauka\/#primaryimage\",\"inLanguage\":\"de-DE\",\"url\":\"https:\/\/yar.deutschetage.ru\/wp-content\/uploads\/2023\/03\/gutenberg.jpeg\",\"width\":544,\"height\":420},{\"@type\":\"WebPage\",\"@id\":\"https:\/\/yar.deutschetage.ru\/nauchnaya-fantastika-ili-fantasticheskaya-nauka\/#webpage\",\"url\":\"https:\/\/yar.deutschetage.ru\/nauchnaya-fantastika-ili-fantasticheskaya-nauka\/\",\"name\":\"Wissenschaftliche Fantastik oder fantastische Wissenschaft - Deutsche Tage in der Region Jaroslawl\",\"isPartOf\":{\"@id\":\"https:\/\/yar.deutschetage.ru\/de\/#website\"},\"primaryImageOfPage\":{\"@id\":\"https:\/\/yar.deutschetage.ru\/nauchnaya-fantastika-ili-fantasticheskaya-nauka\/#primaryimage\"},\"datePublished\":\"2023-03-07T16:49:13+00:00\",\"dateModified\":\"2024-02-04T14:37:13+00:00\",\"breadcrumb\":{\"@id\":\"https:\/\/yar.deutschetage.ru\/nauchnaya-fantastika-ili-fantasticheskaya-nauka\/#breadcrumb\"},\"inLanguage\":\"de-DE\",\"potentialAction\":[{\"@type\":\"ReadAction\",\"target\":[\"https:\/\/yar.deutschetage.ru\/nauchnaya-fantastika-ili-fantasticheskaya-nauka\/\"]}]},{\"@type\":\"BreadcrumbList\",\"@id\":\"https:\/\/yar.deutschetage.ru\/nauchnaya-fantastika-ili-fantasticheskaya-nauka\/#breadcrumb\",\"itemListElement\":[{\"@type\":\"ListItem\",\"position\":1,\"item\":{\"@type\":\"WebPage\",\"@id\":\"https:\/\/yar.deutschetage.ru\/\",\"url\":\"https:\/\/yar.deutschetage.ru\/\",\"name\":\"\\u0413\\u043b\\u0430\\u0432\\u043d\\u0430\\u044f\"}},{\"@type\":\"ListItem\",\"position\":2,\"item\":{\"@type\":\"WebPage\",\"@id\":\"https:\/\/yar.deutschetage.ru\/nauchnaya-fantastika-ili-fantasticheskaya-nauka\/\",\"url\":\"https:\/\/yar.deutschetage.ru\/nauchnaya-fantastika-ili-fantasticheskaya-nauka\/\",\"name\":\"\\u041d\\u0410\\u0423\\u0427\\u041d\\u0410\\u042f \\u0424\\u0410\\u041d\\u0422\\u0410\\u0421\\u0422\\u0418\\u041a\\u0410 \\u0418\\u041b\\u0418 \\u0424\\u0410\\u041d\\u0422\\u0410\\u0421\\u0422\\u0418\\u0427\\u0415\\u0421\\u041a\\u0410\\u042f \\u041d\\u0410\\u0423\\u041a\\u0410\"}}]}]}<\/script>\n<!-- \/ Yoast SEO plugin. -->","_links":{"self":[{"href":"https:\/\/yar.deutschetage.ru\/de\/wp-json\/wp\/v2\/pages\/3103"}],"collection":[{"href":"https:\/\/yar.deutschetage.ru\/de\/wp-json\/wp\/v2\/pages"}],"about":[{"href":"https:\/\/yar.deutschetage.ru\/de\/wp-json\/wp\/v2\/types\/page"}],"author":[{"embeddable":true,"href":"https:\/\/yar.deutschetage.ru\/de\/wp-json\/wp\/v2\/users\/1"}],"replies":[{"embeddable":true,"href":"https:\/\/yar.deutschetage.ru\/de\/wp-json\/wp\/v2\/comments?post=3103"}],"version-history":[{"count":45,"href":"https:\/\/yar.deutschetage.ru\/de\/wp-json\/wp\/v2\/pages\/3103\/revisions"}],"predecessor-version":[{"id":3976,"href":"https:\/\/yar.deutschetage.ru\/de\/wp-json\/wp\/v2\/pages\/3103\/revisions\/3976"}],"wp:attachment":[{"href":"https:\/\/yar.deutschetage.ru\/de\/wp-json\/wp\/v2\/media?parent=3103"}],"curies":[{"name":"wp","href":"https:\/\/api.w.org\/{rel}","templated":true}]}}

<p>Deutschland verfügt wie kein anderes Land über eine Fülle brillanter Wissenschaftler und Erfinder. Viele deutsche Namen sind uns aus einem Schulkurs in Physik oder Chemie bekannt: Hertz, Röntgen, Ohm, Bohr, Gauß … Eine Vielzahl moderner Technologien basiert sich auf deutschen Entdeckungen auf dem Gebiet der theoretischen Physik und Mathematik, die heute verwischen die Grenze zwischen Fantasie und Realität. In Deutschland wurden viele einfache, aber gleichzeitig für jeden Menschen so notwendige Gegenstände erfunden, die aus dem modernen Leben nicht mehr wegzudenken sind.</p>



<p>Auf unserer Website werden wir nur über einige interessante Namen und Erfindungen sprechen, die in diesem Jahr wichtige Daten markieren.</p>



<p><strong><span class="has-inline-color has-vivid-purple-color">555 TODESJAHRE  DES ERSTEN DRUCKERS JOHANN GUTTENBERG</span></strong></p>



<p>Mitte des 15. Jahrhunderts von Gutenberg erfunden, wurde das Druckverfahren mit beweglichen Lettern zur Grundlage der modernen Technik und wurde zu den wichtigsten Entdeckungen des Jahrtausends gezählt, und sein Autor war einer der größten Erfinder der Welt. Weiterlesen -> <a href="https://yar.deutschetage.ru/pechatnyj-stanok-gutenberga/">Печатный станок Гутенберга</a></p>



<figure class="wp-block-image size-large"><img loading="lazy" width="544" height="420" src="https://yar.deutschetage.ru/wp-content/uploads/2023/03/gutenberg.jpeg" alt="" class="wp-image-3209" srcset="https://yar.deutschetage.ru/wp-content/uploads/2023/03/gutenberg.jpeg 544w, https://yar.deutschetage.ru/wp-content/uploads/2023/03/gutenberg-300x232.jpeg 300w" sizes="(max-width: 544px) 100vw, 544px" /></figure>



<p></p>



<p class="has-text-align-center"><strong><span class="has-inline-color has-vivid-purple-color">200 JAHRE DER FAHRRADGESCHICHTE </span></strong></p>



<p>Das Fahrrad kann ohne Übertreibung als das nationale deutsche Fortbewegungsmittel bezeichnet werden. Laut Statistik nutzen es etwa 90 Prozent der Deutschen mindestens einmal pro Woche. Fast 40 Prozent fahren täglich Fahrrad. Hier wird er liebevoll Drahtesel genannt – „Drahtesel“. Und schließlich wurde auch dieses Design in Deutschland erfunden. Weiterlesen -> <a href="https://yar.deutschetage.ru/velosipedu-ispolnilos-200-let/">Велосипеду исполнилось 200 лет</a></p>



<figure class="wp-block-image size-large"><img loading="lazy" width="600" height="450" src="https://yar.deutschetage.ru/wp-content/uploads/2023/03/laufrad2-e1491913394970.jpg" alt="" class="wp-image-3184" srcset="https://yar.deutschetage.ru/wp-content/uploads/2023/03/laufrad2-e1491913394970.jpg 600w, https://yar.deutschetage.ru/wp-content/uploads/2023/03/laufrad2-e1491913394970-300x225.jpg 300w" sizes="(max-width: 600px) 100vw, 600px" /></figure>



<p></p>



<p class="has-text-align-center"><strong><span class="has-inline-color has-vivid-purple-color">100 JAHRE NACH DEM TOD DES ERFINDERS X-RAY</span></strong></p>



<p>Wilhelm Conrad Roentgen ist ein deutscher Physiker, der erste Nobelpreisträger für Physik (1901) in der Geschichte für die Entdeckung der Strahlung im Jahr 1895, die später nach ihm benannt wurde. Weiterlesen -> <a href="https://yar.deutschetage.ru/rentgenovskoe-izluchenie-ili-prosto-rentgen/">Рентгеновское излучение или просто Рентген</a></p>



<figure class="wp-block-image size-large"><img loading="lazy" width="700" height="450" src="https://yar.deutschetage.ru/wp-content/uploads/2023/03/700_roentgen_8.jpg" alt="" class="wp-image-3217" srcset="https://yar.deutschetage.ru/wp-content/uploads/2023/03/700_roentgen_8.jpg 700w, https://yar.deutschetage.ru/wp-content/uploads/2023/03/700_roentgen_8-300x193.jpg 300w" sizes="(max-width: 700px) 100vw, 700px" /></figure>

<p>Deutschland verfügt wie kein anderes Land über eine Fülle brillanter Wissenschaftler und Erfinder. Viele deutsche Namen sind uns aus einem Schulkurs in Physik oder Chemie bekannt: Hertz, Röntgen, Ohm, Bohr, Gauß … Eine Vielzahl moderner Technologien basiert sich auf deutschen Entdeckungen auf dem Gebiet der theoretischen Physik und Mathematik, die heute verwischen die Grenze zwischen [&hellip;]</p>
